3*v - 134 = -r*v. Is v a prime number?
True
Suppose 2*z - 2542564 = -p, -3*z - 20 = -17. Is p/494 - 4/(-38) prime?
True
Let l be -5 + (-1 - (-1 + -2)). Is (-2518)/(-2) + (l - -1) a prime number?
False
Let r(v) = v**3 + v**2 + 70*v + 41647. Is r(0) a composite number?
False
Suppose -2*s - 15 = z + s, -33 = 3*z - 3*s. Let c(f) = -5*f**3 - 17*f**2 + 4*f - 17. Let l be c(z). Let q = -3766 + l. Is q a composite number?
True
Let q(r) = -r**3 + 11*r**2 - 10*r + 2. Let k be q(10). Is (14/(-14))/(k/(-21478)) a prime number?
True
Let m be (-63)/(-147) - ((-62)/(-14) - -1). Let b(q) = 23*q**3 - 2*q**2 + 5*q + 4. Let k be b(m). Is ((-4)/6)/((-14726)/k - 5) prime?
True
Let p(g) = 122*g**2 - 15*g - 1. Let x(t) = t**2 + 2*t. Let s(k) = p(k) + 6*x(k). Is s(-2) a composite number?
True
Suppose -3*g - 17 = -4*s + 2, 3*s = 5*g + 6. Let o be (-22)/(7/(-6) - -1). Suppose -s*f + o = -f. Is f composite?
True
Suppose 13*o - 17*o = 25440. Let q = o + 11329. Is q composite?
False
Let g(q) = -5*q**3 - 5*q**2 - 19*q - 4. Let b(h) = 6*h**3 + 4*h**2 + 19*h + 4. Let k(t) = -3*b(t) - 2*g(t). Is k(-5) a prime number?
False
Suppose -5*p - 347634 = -2*l - p, -3*l + 2*p = -521455. Is l a composite number?
False
Let n(y) = y**2 - 19. Let l be n(-5). Suppose 4*h = 3*v + 716, l*h + 3*v - 179 = 5*h. Is h prime?
True
Let z(b) = -13*b**3 - 40*b**2 + 155*b + 85. Is z(-27) a composite number?
False
Suppose 6*r + 14373 - 3207 = 0. Let y = 2910 + r. Is y a prime number?
True
Suppose -20*l + 232431 + 1406005 - 216056 = 0. Is l prime?
True
Let r = 301 + -290. Is (-22918)/(-3) - -3*r/(-99) a composite number?
False
Let t = -371 + 373. Is t/(-6)*-9 - -1358 a composite number?
False
Let p = 26 + -20. Let m be ((-4)/p)/(17/(-16269)). Let x = 1335 - m. Is x composite?
True
Let v(k) = 4*k**3 + k**2 - 18*k + 33. Let i be v(10). Suppose 5*l = -z + 1103 + i, 3*z - 2025 = -2*l. Is (35/15)/(1/l) a prime number?
False
Suppose 188*j - 582071 = 183*j - 2*p, -5*p = 4*j - 465633. Is j a composite number?
True
Let l be (-680)/180 - (1 - 14/18). Is 23720/(9 + l) - -7 a composite number?
False
Is 3 + 15 + 557187 + -16 composite?
True
Is ((-83)/(-2) + -6)/((-15)/(-2130)) prime?
False
Let a be -3 + (3 - 5)*-2. Let r(s) = 6333*s**2 - 4*s + 4. Is r(a) composite?
True
Let h(q) = 7*q**2 - 27*q + 9. Let x = 541 + -549. Is h(x) composite?
False
Let l(w) = 24*w**2 - 109*w - 29. Let g be l(9). Let y(k) = k - 3. Let n be y(7). Suppose n*d - 4*j + g = 11162, 2*d + j = 5114. Is d a composite number?
False
Suppose -62455 = 637*z - 638*z. Is z/10 + (105/10)/7 composite?
False
Let p = -1396 + 2171. Let t = 1454 - p. Is t prime?
False
Let c(w) = w**3 + 28*w**2 + 31*w + 53. Suppose 0 = -3*a + q - 5*q - 68, -6 = 3*q. Is c(a) a prime number?
True
Let v = 15110 + 37353. Is v a prime number?
False
Let y(i) = i**3 + 1516. Let v be y(0). Suppose 0 = -2*m - 144 + 154. Suppose -m*u + 2*d + v = 0, -u + d + 4*d = -317. Is u a prime number?
False
Let q(c) = 18*c**3 - 42*c - 43. Is q(27) a prime number?
True
Let z(q) = -q + 1347. Let b be z(0). Let l = 3664 - b. Is l prime?
False
Suppose 4*v - 163519 = 3*p, -5*v - 30*p + 204391 = -26*p. Is v prime?
True
Suppose -4*w = -16, -9*n - 4*w - 52536 = -11*n. Suppose -f - 6996 + n = u, 2*u = -6. Is f a composite number?
True
Suppose -2*o - 10168 = -2*y, y - 3*o - 2225 - 2873 = 0. Is y a prime number?
True
Let v = 156 + -168. Is (3122/(-6))/(4/v) prime?
False
Is (-65)/78 - 26021020/(-120) a prime number?
True
Let a be (-87846)/(-50) + 10/125. Let d = a + 5312. Is d a composite number?
False
Let x(q) = -15511*q + 3624. Is x(-35) composite?
False
Let n(v) = v**2 + 4*v - 3. Let h be n(-5). Is h*503 + 12 + -9 a prime number?
True
Suppose 32*a - 30*a = 5*l - 208655, -5*l + 208650 = -a. Is l a composite number?
False
Let v(a) = 472238*a - 377. Is v(2) a prime number?
False
Let q(g) = g**2 - 1. Let f(o) = 2*o**3 + 13*o**2 + 16*o + 2. Let l(a) = -f(a) + q(a). Let x(w) = w**2 + 13*w - 38. Let d be x(-15). Is l(d) prime?
False
Suppose 0 = -5*b - 18 + 38. Suppose 0 = 4*h - 2*u - 525 - 871, -b = u. Is h prime?
True
Let f = -310027 + 478710. Suppose 6*z + f = 43*z. Is z prime?
False
Let x be 15*(80/(-25) + 5). Suppose 22*j + 2075 = x*j. Is j a prime number?
False
Is -8 + (-8)/((-16)/393470) a composite number?
False
Suppose 0*j - 161 = 7*j. Let w(c) = c**3 + 41*c**2 + 19*c + 32. Let r be w(j). Suppose -9*u = -1314 - r. Is u composite?
True
Let o(j) be the third derivative of 0*j + 0 + 7/24*j**4 + 1/6*j**5 + 7/6*j**3 - 13*j**2 + 1/120*j**6. Is o(-8) a composite number?
False
Let v(f) = 21*f - 20 - 19*f - f - 10*f**3 + 21*f**2. Is v(-9) composite?
True
Suppose -204260041 = 837*b - 1034*b. Is b composite?
False
Let b be 0/(-1 + 5) - 0/2. Let z be (-57)/((-55)/44*4/10). Suppose 3*d - 819 + z = b. Is d a prime number?
False
Suppose -10*g = -33 + 3. Suppose -5*x - 18 = -5*o + 32, 2*o - 25 = g*x. Suppose -z = -5*t - 830, 0 = -0*z + o*z + 3*t - 4066. Is z composite?
True
Suppose -5*u = -g - 1987296, -3*g - 2348716 = -5*u - 361418. Is u a composite number?
False
Let r be 2 - ((2 - 16) + 2). Let s(b) = 34 - 77 + 30 + 16*b**2 - b**3 - 6*b. Is s(r) composite?
True
Let m = 12400 - -51523. Is m prime?
False
Let c(s) be the second derivative of 9*s**5/20 + s**4/6 - s**3/3 - s**2/2 + 12*s - 1. Is c(3) a prime number?
False
Let y(j) be the second derivative of 2*j**5/5 + 5*j**4/6 + 7*j**3/6 + 14*j**2 + 207*j. Is y(9) a composite number?
False
Suppose 5*o + 55 = 2*w, -2*w - 45 + 1 = 4*o. Let m be o + 15 + 304/1. Let u = 627 - m. Is u prime?
False
Suppose -d = -5*u + 2, 3*u + 0*d - 4 = 2*d. Let m(z) = z**2 - z + 2047. Is m(u) composite?
True
Suppose 6536 = -62*a + 54*a. Let o be (-11 - 207)*11/(-2). Let g = a + o. Is g composite?
True
Suppose 240169 - 79254 = 4*k - 216601. Is k prime?
True
Let r be (-12)/(-12) - (1 - 1). Let t be 1*-1 - (-23)/r. Suppose t*q - 17*q - 95 = 0. Is q composite?
False
Let l = 5932 + 17681. Suppose 2*k + l = 5*y - 0*k, -5*y = -5*k - 23625. Is y a prime number?
True
Suppose -5*g - 3*s + 35 = -s, -2*s - 5 = -3*g. Let w be 19315/15 - g/3. Let k = w - 219. Is k prime?
False
Let i = 305461 - 163716. Is i a prime number?
False
Let l(o) = -41*o - 6. Let b be l(-9). Suppose -2*j + 1607 = 5*v, -8*j = -7*j - 2*v - 817. Suppose 2*z = j + b. Is z prime?
True
Let f(x) = -149*x**3 + 4*x**2 + 99*x - 23. Is f(-12) prime?
False
Let i be (-126)/(-6)*(-1)/(-3). Suppose -f = r - 168, -8 = 3*f + i. Let j = r - 62. Is j composite?
True
Let b be ((-8)/3)/((-4)/(-18)). Suppose -2*i - 3*z - 6 = -8*i, -2*z + 6 = i. Is i*(-1)/b + (-812)/(-24) composite?
True
Let l(n) = -39*n + 42*n**2 + 32 + 35*n**2 + n**3 - 54*n**2. Let b be l(-23). Suppose 0*r = -2*r - 5*j + b, -3*r + 2*j + 1403 = 0. Is r a prime number?
True
Suppose -5*k = -b - 45868, -28*b + 9 = -31*b. Is k a composite number?
False
Let u(n) = -3943*n + 3. Let k be u(-1). Is k*2/24*(48 - 42) a composite number?
False
Let f = 17825 - -20568. Is f a prime number?
True
Let y(u) = u**3 - 4*u**2 + 4*u - 1. Let z be y(3). Suppose 3*c - 63 = -z*o, -5*c - 4*o + 76 = -29. Is (-6)/(-21) - (0 - 2493/c) composite?
True
Let m be -3203*(33/22)/(3/2). Let y = m + 6769. Is y a prime number?
False
Let r = -828 + 2241. Let z = r - -538. Is z composite?
False
Suppose 1469538 = 243*k - 85139064. Is k a composite number?
True
Suppose -2*q + 2 = 4, -4*i + 5*q + 3609 = 0. Suppose -j - 4667 = -u, -5*u - 3*j = i - 24204. Is u prime?
True
Let f = -389 - -425. Suppose -f*g + 237303 + 252405 = 0. Is g a composite number?
True
Let l = -184 - -244. Suppose 74*f = l*f + 75334. Is f a prime number?
True
Suppose v + 8 = 2*g + 3*v, -4*v = -4*g + 16. Suppose -2148 = -4*u - 4*a - 0*a, 3*a - 2147 = -4*u. Suppose g*x - u = -0*x. Is x a prime number?
False
Let t(c) = 3987*c - 4499. Is t(34) a composite number?
False
Suppose 0 = 3*x - 4*h - 923785, 4*x - 548264 - 683384 = -4*h. Is x prime?
True
Let f = -85342 + 198173. Is f a composite number?
False
Let p(v) = -3*v - 86 - v + 54 + 46. Let s be p(9). Is 8/(-44) - 1874/s a composite number?
True
Let u be 10/(-18)*-3*(-3)/(-1). Suppose -y = 4*g - 7, u*y + 65 = 4*g + g. Is 1*y/6*-562 a composite number?
True
Is ((-101)/4)/(-1 + (-8430)/(-8440)) composite?
True
Suppose -3*o + 2*z = 5*z - 59661, -4*o = -4*z - 79548. Suppose 9*y - o = -6072. Is y composite?
True
Supp